{"id":7471,"date":"2020-04-17T20:19:15","date_gmt":"2020-04-17T19:19:15","guid":{"rendered":"https:\/\/www.barbiertom.be\/?post_type=product&#038;p=7471"},"modified":"2025-01-03T12:53:43","modified_gmt":"2025-01-03T11:53:43","slug":"apothecary-87-the-man-club-barber-comb","status":"publish","type":"product","link":"https:\/\/www.barbiertom.be\/fr\/produit\/apothecary-87-the-man-club-barber-comb\/","title":{"rendered":"Apothecary 87 Peigne de coiffeur The Man Club"},"content":{"rendered":"<p>Un peigne sculpt\u00e9 et grav\u00e9 dans les bois durs les plus durables, la noix de p\u00e9can.<\/p>\n<p>Ces peignes sont taill\u00e9s dans du bois de noix de p\u00e9can, avant d&#039;\u00eatre ponc\u00e9s, polis et scell\u00e9s. La durabilit\u00e9 du bois assure la r\u00e9sistance, tandis que la polyvalence du bois permet \u00e0 la forme la plus dynamique de glisser facilement \u00e0 travers les cheveux et la barbe.<\/p>\n<div id=\"ConnectiveDocSignExtentionInstalled\" data-extension-version=\"1.0.4\"><\/div>\n<div id=\"ConnectiveDocSignExtentionInstalled\" data-extension-version=\"1.0.4\"><\/div>","protected":false},"excerpt":{"rendered":"<p>Un peigne sculpt\u00e9 et grav\u00e9 dans les bois durs les plus durables, la noix de p\u00e9can.<\/p>\n<p>Ces peignes sont taill\u00e9s dans du bois de noix de p\u00e9can, avant d&#039;\u00eatre ponc\u00e9s, polis et scell\u00e9s. La durabilit\u00e9 du bois assure la r\u00e9sistance, tandis que la polyvalence du bois permet \u00e0 la forme la plus dynamique de glisser facilement \u00e0 travers les cheveux et la barbe.<\/p>\n<div id=\"ConnectiveDocSignExtentionInstalled\" data-extension-version=\"1.0.4\"><\/div>\n<div id=\"ConnectiveDocSignExtentionInstalled\" data-extension-version=\"1.0.4\"><\/div>","protected":false},"featured_media":7472,"template":"","meta":{"_exactmetrics_skip_tracking":false,"_exactmetrics_sitenote_active":false,"_exactmetrics_sitenote_note":"","_exactmetrics_sitenote_category":0},"product_brand":[],"product_cat":[302],"product_tag":[320,321,325],"class_list":{"0":"post-7471","1":"product","2":"type-product","3":"status-publish","4":"has-post-thumbnail","6":"product_cat-beard-care","7":"product_tag-balms","8":"product_tag-beards","9":"product_tag-hair","10":"has-thumb","12":"first","13":"outofstock","14":"shipping-taxable","15":"purchasable","16":"product-type-simple"},"aioseo_notices":[],"_links":{"self":[{"href":"https:\/\/www.barbiertom.be\/fr\/wp-json\/wp\/v2\/product\/7471","targetHints":{"allow":["GET"]}}],"collection":[{"href":"https:\/\/www.barbiertom.be\/fr\/wp-json\/wp\/v2\/product"}],"about":[{"href":"https:\/\/www.barbiertom.be\/fr\/wp-json\/wp\/v2\/types\/product"}],"version-history":[{"count":1,"href":"https:\/\/www.barbiertom.be\/fr\/wp-json\/wp\/v2\/product\/7471\/revisions"}],"predecessor-version":[{"id":16057,"href":"https:\/\/www.barbiertom.be\/fr\/wp-json\/wp\/v2\/product\/7471\/revisions\/16057"}],"wp:featuredmedia":[{"embeddable":true,"href":"https:\/\/www.barbiertom.be\/fr\/wp-json\/wp\/v2\/media\/7472"}],"wp:attachment":[{"href":"https:\/\/www.barbiertom.be\/fr\/wp-json\/wp\/v2\/media?parent=7471"}],"wp:term":[{"taxonomy":"product_brand","embeddable":true,"href":"https:\/\/www.barbiertom.be\/fr\/wp-json\/wp\/v2\/product_brand?post=7471"},{"taxonomy":"product_cat","embeddable":true,"href":"https:\/\/www.barbiertom.be\/fr\/wp-json\/wp\/v2\/product_cat?post=7471"},{"taxonomy":"product_tag","embeddable":true,"href":"https:\/\/www.barbiertom.be\/fr\/wp-json\/wp\/v2\/product_tag?post=7471"}],"curies":[{"name":"wp","href":"https:\/\/api.w.org\/{rel}","templated":true}]}}

<p>Un peigne sculpté et gravé dans les bois durs les plus durables, la noix de pécan.</p>
<p>Ces peignes sont taillés dans du bois de noix de pécan, avant d&#039;être poncés, polis et scellés. La durabilité du bois assure la résistance, tandis que la polyvalence du bois permet à la forme la plus dynamique de glisser facilement à travers les cheveux et la barbe.</p>
<div id="ConnectiveDocSignExtentionInstalled" data-extension-version="1.0.4"></div>
<div id="ConnectiveDocSignExtentionInstalled" data-extension-version="1.0.4"></div>
