{"id":7295,"date":"2020-03-28T10:20:20","date_gmt":"2020-03-28T09:20:20","guid":{"rendered":"https:\/\/www.barbiertom.be\/?post_type=product&#038;p=7295"},"modified":"2025-12-09T14:38:31","modified_gmt":"2025-12-09T13:38:31","slug":"suavecito-grooming-spray","status":"publish","type":"product","link":"https:\/\/www.barbiertom.be\/fr\/produit\/suavecito-grooming-spray\/","title":{"rendered":"Spray de soin Suavecito"},"content":{"rendered":"<p>Suavecito Grooming Spray est un spray sans a\u00e9rosol pour vos cheveux et peut \u00eatre utilis\u00e9 en conjonction avec nos pommades ou sans. Ce spray capillaire est con\u00e7u pour vous assurer de r\u00e9pondre aux exigences de votre style personnel. Avec juste quelques pompes hors de la bouteille, ce spray de toilettage se verrouillera dans votre style avec une poign\u00e9e en fer. Utilisez-le pour amortir vos m\u00e8ches avant d&#039;appliquer la pommade, ou apr\u00e8s pour verrouiller le produit pour une prise plus serr\u00e9e. Il peut \u00e9galement \u00eatre utilis\u00e9 sur la peau pour une tenue plus l\u00e9g\u00e8re et un look plus l\u00e2che qui ne se rigidifie pas. Cette laque pour cheveux procure une brillance saine \u00e0 vos cheveux et a une formule non \u00e9caill\u00e9e qui n&#039;irrite pas vos cheveux ou votre cuir chevelu. C&#039;est le compl\u00e9ment parfait \u00e0 votre routine de coiffage et \u00e0 nos pommades.<\/p>","protected":false},"excerpt":{"rendered":"<p>Suavecito Grooming Spray est un spray sans a\u00e9rosol pour vos cheveux et peut \u00eatre utilis\u00e9 en conjonction avec nos pommades ou sans. Ce spray capillaire est con\u00e7u pour vous assurer de r\u00e9pondre aux exigences de votre style personnel. Avec juste quelques pompes hors de la bouteille, ce spray de toilettage se verrouillera dans votre style avec une poign\u00e9e en fer. Utilisez-le pour amortir vos m\u00e8ches avant d&#039;appliquer la pommade, ou apr\u00e8s pour verrouiller le produit pour une prise plus serr\u00e9e. Il peut \u00e9galement \u00eatre utilis\u00e9 sur la peau pour une tenue plus l\u00e9g\u00e8re et un look plus l\u00e2che qui ne se rigidifie pas. Cette laque pour cheveux procure une brillance saine \u00e0 vos cheveux et a une formule non \u00e9caill\u00e9e qui n&#039;irrite pas vos cheveux ou votre cuir chevelu. C&#039;est le compl\u00e9ment parfait \u00e0 votre routine de coiffage et \u00e0 nos pommades.<\/p>\n<p>&nbsp;<\/p>","protected":false},"featured_media":7296,"template":"","meta":{"_exactmetrics_skip_tracking":false,"_exactmetrics_sitenote_active":false,"_exactmetrics_sitenote_note":"","_exactmetrics_sitenote_category":0},"product_brand":[],"product_cat":[301],"product_tag":[320,321,325],"class_list":{"0":"post-7295","1":"product","2":"type-product","3":"status-publish","4":"has-post-thumbnail","6":"product_cat-hair-care","7":"product_tag-balms","8":"product_tag-beards","9":"product_tag-hair","10":"has-thumb","12":"first","13":"instock","14":"shipping-taxable","15":"purchasable","16":"product-type-simple"},"aioseo_notices":[],"_links":{"self":[{"href":"https:\/\/www.barbiertom.be\/fr\/wp-json\/wp\/v2\/product\/7295","targetHints":{"allow":["GET"]}}],"collection":[{"href":"https:\/\/www.barbiertom.be\/fr\/wp-json\/wp\/v2\/product"}],"about":[{"href":"https:\/\/www.barbiertom.be\/fr\/wp-json\/wp\/v2\/types\/product"}],"version-history":[{"count":1,"href":"https:\/\/www.barbiertom.be\/fr\/wp-json\/wp\/v2\/product\/7295\/revisions"}],"predecessor-version":[{"id":19329,"href":"https:\/\/www.barbiertom.be\/fr\/wp-json\/wp\/v2\/product\/7295\/revisions\/19329"}],"wp:featuredmedia":[{"embeddable":true,"href":"https:\/\/www.barbiertom.be\/fr\/wp-json\/wp\/v2\/media\/7296"}],"wp:attachment":[{"href":"https:\/\/www.barbiertom.be\/fr\/wp-json\/wp\/v2\/media?parent=7295"}],"wp:term":[{"taxonomy":"product_brand","embeddable":true,"href":"https:\/\/www.barbiertom.be\/fr\/wp-json\/wp\/v2\/product_brand?post=7295"},{"taxonomy":"product_cat","embeddable":true,"href":"https:\/\/www.barbiertom.be\/fr\/wp-json\/wp\/v2\/product_cat?post=7295"},{"taxonomy":"product_tag","embeddable":true,"href":"https:\/\/www.barbiertom.be\/fr\/wp-json\/wp\/v2\/product_tag?post=7295"}],"curies":[{"name":"wp","href":"https:\/\/api.w.org\/{rel}","templated":true}]}}

<p>Suavecito Grooming Spray est un spray sans aérosol pour vos cheveux et peut être utilisé en conjonction avec nos pommades ou sans. Ce spray capillaire est conçu pour vous assurer de répondre aux exigences de votre style personnel. Avec juste quelques pompes hors de la bouteille, ce spray de toilettage se verrouillera dans votre style avec une poignée en fer. Utilisez-le pour amortir vos mèches avant d&#039;appliquer la pommade, ou après pour verrouiller le produit pour une prise plus serrée. Il peut également être utilisé sur la peau pour une tenue plus légère et un look plus lâche qui ne se rigidifie pas. Cette laque pour cheveux procure une brillance saine à vos cheveux et a une formule non écaillée qui n&#039;irrite pas vos cheveux ou votre cuir chevelu. C&#039;est le complément parfait à votre routine de coiffage et à nos pommades.</p>

<p>Suavecito Grooming Spray est un spray sans aérosol pour vos cheveux et peut être utilisé en conjonction avec nos pommades ou sans. Ce spray capillaire est conçu pour vous assurer de répondre aux exigences de votre style personnel. Avec juste quelques pompes hors de la bouteille, ce spray de toilettage se verrouillera dans votre style avec une poignée en fer. Utilisez-le pour amortir vos mèches avant d&#039;appliquer la pommade, ou après pour verrouiller le produit pour une prise plus serrée. Il peut également être utilisé sur la peau pour une tenue plus légère et un look plus lâche qui ne se rigidifie pas. Cette laque pour cheveux procure une brillance saine à vos cheveux et a une formule non écaillée qui n&#039;irrite pas vos cheveux ou votre cuir chevelu. C&#039;est le complément parfait à votre routine de coiffage et à nos pommades.</p>
<p>&nbsp;</p>
